t of 759932289?
2
What is the units digit of 91600494?
4
What is the tens digit of 433298610?
1
What is the thousands digit of 171838509?
8
What is the tens digit of 58336285?
8
What is the ten thousands digit of 145324232?
2
What is the ten millions digit of 814740363?
1
What is the units digit of 4212339503?
3
What is the hundreds digit of 128204859?
8
What is the hundred millions digit of 672092556?
6
What is the units digit of 476000557?
7
What is the thousands digit of 13763659?
3
What is the hundred thousands digit of 1317860182?
8
What is the hundreds digit of 153946650?
6
What is the hundred millions digit of 1068663247?
0
What is the thousands digit of 79161112?
1
What is the units digit of 2556155227?
7
What is the ten thousands digit of 77709046?
0
What is the tens digit of 6233471074?
7
What is the hundreds digit of 25410681?
6
What is the tens digit of 71063266?
6
What is the ten millions digit of 79546953?
7
What is the thousands digit of 656315340?
5
What is the millions digit of 1802505108?
2
What is the hundreds digit of 2252764628?
6
What is the ten millions digit of 208933240?
0
What is the tens digit of 317987313?
1
What is the thousands digit of 45202548?
2
What is the hundred thousands digit of 1252935139?
9
What is the tens digit of 88001161?
6
What is the ten thousands digit of 146484829?
8
What is the hundred millions digit of 187654355?
1
What is the ten thousands digit of 1599648332?
4
What is the ten millions digit of 302586531?
0
What is the hundred millions digit of 2414114932?
4
What is the tens digit of 265843531?
3
What is the hundreds digit of 83928186?
1
What is the hundred thousands digit of 79440906?
4
What is the tens digit of 686016655?
5
What is the hundred millions digit of 158474009?
1
What is the hundred thousands digit of 2189429968?
4
What is the hundreds digit of 2299535684?
6
What is the tens digit of 47213822?
2
What is the ten millions digit of 30451226?
3
What is the hundred thousands digit of 82945346?
9
What is the hundred millions digit of 428009230?
4
What is the ten millions digit of 76790409?
7
What is the hundred millions digit of 246769887?
2
What is the units digit of 1185124011?
1
What is the units digit of 114759002?
2
What is the ten thousands digit of 68787415?
8
What is the units digit of 83375086?
6
What is the thousands digit of 41462779?
2
What is the hundred thousands digit of 665357247?
3
What is the ten thousands digit of 203880236?
8
What is the hundred thousands digit of 108021746?
0
What is the millions digit of 49064312?
9
What is the ten thousands digit of 1111788288?
8
What is the tens digit of 36873436?
3
What is the hundred thousands digit of 85805992?
8
What is the ten thousands digit of 2698350815?
5
What is the tens digit of 7614741?
4
What is the hundred thousands digit of 3717947250?
9
What is the millions digit of 79963144?
9
What is the hundred millions digit of 1652727675?
6
What is the thousands digit of 7016357587?
7
What is the thousands digit of 93590297?
0
What is the ten thousands digit of 794020354?
2
What is the ten millions digit of 432223650?
3
What is the ten millions digit of 1149399263?
4
What is the hundred thousands digit of 910271334?
2
What is the hundred millions digit of 538270453?
5
What is the billions digit of 3075404912?
3
What is the millions digit of 1026331?
1
What is the hundreds digit of 197896232?
2
What is the tens digit of 74006359?
5
What is the units digit of 313819187?
7
What is the thousands digit of 2006921927?
1
What is the billions digit of 1133486507?
1
What is the thousands digit of 71252811?
2
What is the ten thousands digit of 64984621?
8
What is the units digit of 224416758?
8
What is the millions digit of 16435657?
6
What is the thousands digit of 353138543?
8
What is the tens digit of 44056546?
4
What is the units digit of 23168616?
6
What is the hundred thousands digit of 5136954809?
9
What is the hundred millions digit of 356848276?
3
What is the units digit of 25827268?
8
What is the hundred millions digit of 799757244?
7
What is the units digit of 9966012?
2
What is the units digit of 69790216?
6
What is the tens digit of 42344075?
7
What is the ten thousands digit of 1271841?
7
What is the hundred thousands digit of 135945138?
9
What is the hundreds digit of 648514032?
0
What is the hundreds digit of 54404942?
9
What is the hundreds digit of 1420259242?
2
What is the ten thousands digit of 1030911?
3
What is the tens digit of 1609654157?
5
What is the hundreds digit of 367621116?
1
What is the tens digit of 75905462?
6
What is the millions digit of 283656680?
3
What is the millions digit of 14888197?
4
What is the billions digit of 1586235543?
1
What is the units digit of 3698600385?
5
What is the millions digit of 4200807203?
0
What is the ten thousands digit of 753371159?
7
What is the millions digit of 3848004299?
8
What is the tens digit of 42730168?
6
What is the hundreds digit of 273505531?
5
What is the thousands digit of 10205672?
5
What is the tens digit of 6767602?
0
What is the ten thousands digit of 149160786?
6
What is the tens digit of 281852610?
1
What is the millions digit of 9095738?
9
What is the units digit of 611137425?
5
What is the ten thousands digit of 1601135114?
3
What is the ten millions digit of 615144713?
1
What is the units digit of 413389733?
3
What is the ten thousands digit of 2859489194?
8
What is the millions digit of 38588502?
8
What is the hundred thousands digit of 95002885?
0
What is the hundred millions digit of 3661768206?
6
What is the ten thousands digit of 6157282141?
8
What is the millions digit of 9344846?
9
What is the thousands digit of 10588699?
8
What is the thousands digit of 1314009444?
9
What is the hundreds digit of 1613080008?
0
What is the millions digit of 1590344129?
0
What is the thousands digit of 766173682?
3
What is the ten millions digit of 785090312?
8
What is the thousands digit of 129470631?
0
What is the ten thousands digit of 65019096?
1
What is the thousands digit of 4598582673?
2
What is the millions digit of 2911617023?
1
What is the hundred thousands digit of 427590873?
5
What is the hundred thousands digit of 3903151?
9
What is the hundred thousands digit of 56537661?
5
What is the hundred millions digit of 127032490?
1
What is the hundred thousands digit of 30348527?
3
What is the ten thousands digit of 932615916?
1
What is the tens digit of 644614658?
5
What is the hundred thousands digit of 1284591552?
5
What is the hundred thousands digit of 3328921723?
9
What is the millions digit of 251897652?
1
What is the billions digit of 1140296247?
1
What is the hundred millions digit of 390320070?
3
What is the millions digit of 45352148?
5
What is the ten thousands digit of 2743810545?
1
What is the thousands digit of 88603168?
3
What is the billions digit of 3837250847?
3
What is the tens digit of 88193736?
3
What is the hundred millions digit of 2581881793?
5
What is the ten millions digit of 3355203193?
5
What is the hundreds digit of 86370418?
4
What is the hundreds digit of 313000245?
2
What is the units digit of 52218894?
4
What is the hundred thousands digit of 87688750?
6
What is the hundreds digit of 93596992?
9
What is the hundred thousands digit of 1125418550?
4
What is the units digit of 592262170?
0
What is the ten thousands digit of 720694804?
9
What is the units digit of 38328310?
0
What is the ten thousands digit of 23169302?
6
What is the millions digit of 2884804158?
4
What is the hundred thousands digit of 34726021?
7
What is the hundred thousands digit of 26427060?
4
What is the ten millions digit of 3617649085?
1
What is the thousands digit of 2567765046?
5
What is the thousands digit of 1409923305?
3
What is the units digit of 452352072?
2
What is the hundreds digit of 47389639?
6
What is the ten thousands digit of 814878732?
7
What is the hundred thousands digit of 150948347?
9
What is the hundreds digit of 526217216?
2
What is the ten millions digit of 277188776?
7
What is the hundred millions digit of 7762936584?
7
What is the hundreds digit of 1638400288?
2
What is the units digit of 25034962?
2
What is the ten thousands digit of 22267766?
6
What is the millions digit of 6849931647?
9
What is the units digit of 